{"id":23191,"date":"2025-06-06T00:00:31","date_gmt":"2025-06-06T00:00:31","guid":{"rendered":"https:\/\/dekoracyjnacegla.pl\/produkt\/profil-fuer-balkon-und-terrasse-p-20-profil-fuer-balkon-und-terrasse\/"},"modified":"2025-06-06T00:00:31","modified_gmt":"2025-06-06T00:00:31","slug":"profil-fuer-balkon-und-terrasse-p-20-profil-fuer-balkon-und-terrasse","status":"publish","type":"product","link":"https:\/\/dekoracyjnacegla.pl\/de\/produkt\/profil-fuer-balkon-und-terrasse-p-20-profil-fuer-balkon-und-terrasse\/","title":{"rendered":"Profil f\u00fcr Balkon und Terrasse P 20 Profil f\u00fcr Balkon und Terrasse"},"content":{"rendered":"<ul>\n<li>hohe Korrosionsbest\u00e4ndigkeit<\/li>\n<li>Hohe Witterungsbest\u00e4ndigkeit<\/li>\n<li>schnelle und einfache Installation<\/li>\n<li>Sammelverpackung 2 Stk. x 2 mb <\/li>\n<li>Farbe 7037 grau<\/li>\n<li>Profil Balkon und Terrasse<\/li>\n<\/ul>\n","protected":false},"excerpt":{"rendered":"<p>Profil Balkon und Terrasse<\/p>\n","protected":false},"featured_media":23192,"template":"","meta":[],"product_brand":[],"product_cat":[286,304,275],"product_tag":[],"class_list":{"0":"post-23191","1":"product","2":"type-product","3":"status-publish","4":"has-post-thumbnail","6":"product_cat-chemie-an-der-backsteinfassade","7":"product_cat-grauer-ziegelstein","8":"product_cat-zubehor","10":"first","11":"onbackorder","12":"shipping-taxable","13":"purchasable","14":"product-type-simple"},"yoast_head":"<!-- This site is optimized with the Yoast SEO plugin v27.4 - https:\/\/yoast.com\/product\/yoast-seo-wordpress\/ -->\n<title>Profil f\u00fcr Balkon und Terrasse P 20 Profil f\u00fcr Balkon und Terrasse - Dekoracyjna Ceg\u0142a<\/title>\n<meta name=\"robots\" content=\"index, follow, max-snippet:-1, max-image-preview:large, max-video-preview:-1\" \/>\n<link rel=\"canonical\" href=\"https:\/\/dekoracyjnacegla.pl\/de\/produkt\/profil-fuer-balkon-und-terrasse-p-20-profil-fuer-balkon-und-terrasse\/\" \/>\n<meta property=\"og:locale\" content=\"de_DE\" \/>\n<meta property=\"og:type\" content=\"article\" \/>\n<meta property=\"og:title\" content=\"Profil f\u00fcr Balkon und Terrasse P 20 Profil f\u00fcr Balkon und Terrasse - Dekoracyjna Ceg\u0142a\" \/>\n<meta property=\"og:description\" content=\"Profil Balkon und Terrasse\" \/>\n<meta property=\"og:url\" content=\"https:\/\/dekoracyjnacegla.pl\/de\/produkt\/profil-fuer-balkon-und-terrasse-p-20-profil-fuer-balkon-und-terrasse\/\" \/>\n<meta property=\"og:site_name\" content=\"Dekoracyjna Ceg\u0142a\" \/>\n<meta property=\"og:image\" content=\"https:\/\/dekoracyjnacegla.pl\/wp-content\/uploads\/2025\/06\/QUICK-MIX_P20.webp\" \/>\n\t<meta property=\"og:image:width\" content=\"393\" \/>\n\t<meta property=\"og:image:height\" content=\"253\" \/>\n\t<meta property=\"og:image:type\" content=\"image\/webp\" \/>\n<meta name=\"twitter:card\" content=\"summary_large_image\" \/>\n<script type=\"application\/ld+json\" class=\"yoast-schema-graph\">{\"@context\":\"https:\\\/\\\/schema.org\",\"@graph\":[{\"@type\":\"WebPage\",\"@id\":\"https:\\\/\\\/dekoracyjnacegla.pl\\\/de\\\/produkt\\\/profil-fuer-balkon-und-terrasse-p-20-profil-fuer-balkon-und-terrasse\\\/\",\"url\":\"https:\\\/\\\/dekoracyjnacegla.pl\\\/de\\\/produkt\\\/profil-fuer-balkon-und-terrasse-p-20-profil-fuer-balkon-und-terrasse\\\/\",\"name\":\"Profil f\u00fcr Balkon und Terrasse P 20 Profil f\u00fcr Balkon und Terrasse - Dekoracyjna Ceg\u0142a\",\"isPartOf\":{\"@id\":\"https:\\\/\\\/dekoracyjnacegla.pl\\\/de\\\/#website\"},\"primaryImageOfPage\":{\"@id\":\"https:\\\/\\\/dekoracyjnacegla.pl\\\/de\\\/produkt\\\/profil-fuer-balkon-und-terrasse-p-20-profil-fuer-balkon-und-terrasse\\\/#primaryimage\"},\"image\":{\"@id\":\"https:\\\/\\\/dekoracyjnacegla.pl\\\/de\\\/produkt\\\/profil-fuer-balkon-und-terrasse-p-20-profil-fuer-balkon-und-terrasse\\\/#primaryimage\"},\"thumbnailUrl\":\"https:\\\/\\\/dekoracyjnacegla.pl\\\/wp-content\\\/uploads\\\/2025\\\/06\\\/QUICK-MIX_P20.webp\",\"datePublished\":\"2025-06-06T00:00:31+00:00\",\"breadcrumb\":{\"@id\":\"https:\\\/\\\/dekoracyjnacegla.pl\\\/de\\\/produkt\\\/profil-fuer-balkon-und-terrasse-p-20-profil-fuer-balkon-und-terrasse\\\/#breadcrumb\"},\"inLanguage\":\"de\",\"potentialAction\":[{\"@type\":\"ReadAction\",\"target\":[\"https:\\\/\\\/dekoracyjnacegla.pl\\\/de\\\/produkt\\\/profil-fuer-balkon-und-terrasse-p-20-profil-fuer-balkon-und-terrasse\\\/\"]}]},{\"@type\":\"ImageObject\",\"inLanguage\":\"de\",\"@id\":\"https:\\\/\\\/dekoracyjnacegla.pl\\\/de\\\/produkt\\\/profil-fuer-balkon-und-terrasse-p-20-profil-fuer-balkon-und-terrasse\\\/#primaryimage\",\"url\":\"https:\\\/\\\/dekoracyjnacegla.pl\\\/wp-content\\\/uploads\\\/2025\\\/06\\\/QUICK-MIX_P20.webp\",\"contentUrl\":\"https:\\\/\\\/dekoracyjnacegla.pl\\\/wp-content\\\/uploads\\\/2025\\\/06\\\/QUICK-MIX_P20.webp\",\"width\":393,\"height\":253},{\"@type\":\"BreadcrumbList\",\"@id\":\"https:\\\/\\\/dekoracyjnacegla.pl\\\/de\\\/produkt\\\/profil-fuer-balkon-und-terrasse-p-20-profil-fuer-balkon-und-terrasse\\\/#breadcrumb\",\"itemListElement\":[{\"@type\":\"ListItem\",\"position\":1,\"name\":\"Strona g\u0142\u00f3wna\",\"item\":\"https:\\\/\\\/dekoracyjnacegla.pl\\\/de\\\/start\\\/\"},{\"@type\":\"ListItem\",\"position\":2,\"name\":\"Sklep\",\"item\":\"https:\\\/\\\/dekoracyjnacegla.pl\\\/sklep\\\/\"},{\"@type\":\"ListItem\",\"position\":3,\"name\":\"Profil f\u00fcr Balkon und Terrasse P 20 Profil f\u00fcr Balkon und Terrasse\"}]},{\"@type\":\"WebSite\",\"@id\":\"https:\\\/\\\/dekoracyjnacegla.pl\\\/de\\\/#website\",\"url\":\"https:\\\/\\\/dekoracyjnacegla.pl\\\/de\\\/\",\"name\":\"Dekoracyjna Ceg\u0142a\",\"description\":\"P\u0142ytki z ceg\u0142y | Retro Ceg\u0142a\",\"publisher\":{\"@id\":\"https:\\\/\\\/dekoracyjnacegla.pl\\\/de\\\/#organization\"},\"potentialAction\":[{\"@type\":\"SearchAction\",\"target\":{\"@type\":\"EntryPoint\",\"urlTemplate\":\"https:\\\/\\\/dekoracyjnacegla.pl\\\/de\\\/?s={search_term_string}\"},\"query-input\":{\"@type\":\"PropertyValueSpecification\",\"valueRequired\":true,\"valueName\":\"search_term_string\"}}],\"inLanguage\":\"de\"},{\"@type\":\"Organization\",\"@id\":\"https:\\\/\\\/dekoracyjnacegla.pl\\\/de\\\/#organization\",\"name\":\"Dekoracyjna Ceg\u0142a\",\"url\":\"https:\\\/\\\/dekoracyjnacegla.pl\\\/de\\\/\",\"logo\":{\"@type\":\"ImageObject\",\"inLanguage\":\"de\",\"@id\":\"https:\\\/\\\/dekoracyjnacegla.pl\\\/de\\\/#\\\/schema\\\/logo\\\/image\\\/\",\"url\":\"https:\\\/\\\/dekoracyjnacegla.pl\\\/wp-content\\\/uploads\\\/2023\\\/10\\\/logo.png\",\"contentUrl\":\"https:\\\/\\\/dekoracyjnacegla.pl\\\/wp-content\\\/uploads\\\/2023\\\/10\\\/logo.png\",\"width\":1199,\"height\":193,\"caption\":\"Dekoracyjna Ceg\u0142a\"},\"image\":{\"@id\":\"https:\\\/\\\/dekoracyjnacegla.pl\\\/de\\\/#\\\/schema\\\/logo\\\/image\\\/\"}}]}<\/script>\n<!-- \/ Yoast SEO plugin. -->","yoast_head_json":{"title":"Profil f\u00fcr Balkon und Terrasse P 20 Profil f\u00fcr Balkon und Terrasse - Dekoracyjna Ceg\u0142a","robots":{"index":"index","follow":"follow","max-snippet":"max-snippet:-1","max-image-preview":"max-image-preview:large","max-video-preview":"max-video-preview:-1"},"canonical":"https:\/\/dekoracyjnacegla.pl\/de\/produkt\/profil-fuer-balkon-und-terrasse-p-20-profil-fuer-balkon-und-terrasse\/","og_locale":"de_DE","og_type":"article","og_title":"Profil f\u00fcr Balkon und Terrasse P 20 Profil f\u00fcr Balkon und Terrasse - Dekoracyjna Ceg\u0142a","og_description":"Profil Balkon und Terrasse","og_url":"https:\/\/dekoracyjnacegla.pl\/de\/produkt\/profil-fuer-balkon-und-terrasse-p-20-profil-fuer-balkon-und-terrasse\/","og_site_name":"Dekoracyjna Ceg\u0142a","og_image":[{"width":393,"height":253,"url":"https:\/\/dekoracyjnacegla.pl\/wp-content\/uploads\/2025\/06\/QUICK-MIX_P20.webp","type":"image\/webp"}],"twitter_card":"summary_large_image","schema":{"@context":"https:\/\/schema.org","@graph":[{"@type":"WebPage","@id":"https:\/\/dekoracyjnacegla.pl\/de\/produkt\/profil-fuer-balkon-und-terrasse-p-20-profil-fuer-balkon-und-terrasse\/","url":"https:\/\/dekoracyjnacegla.pl\/de\/produkt\/profil-fuer-balkon-und-terrasse-p-20-profil-fuer-balkon-und-terrasse\/","name":"Profil f\u00fcr Balkon und Terrasse P 20 Profil f\u00fcr Balkon und Terrasse - Dekoracyjna Ceg\u0142a","isPartOf":{"@id":"https:\/\/dekoracyjnacegla.pl\/de\/#website"},"primaryImageOfPage":{"@id":"https:\/\/dekoracyjnacegla.pl\/de\/produkt\/profil-fuer-balkon-und-terrasse-p-20-profil-fuer-balkon-und-terrasse\/#primaryimage"},"image":{"@id":"https:\/\/dekoracyjnacegla.pl\/de\/produkt\/profil-fuer-balkon-und-terrasse-p-20-profil-fuer-balkon-und-terrasse\/#primaryimage"},"thumbnailUrl":"https:\/\/dekoracyjnacegla.pl\/wp-content\/uploads\/2025\/06\/QUICK-MIX_P20.webp","datePublished":"2025-06-06T00:00:31+00:00","breadcrumb":{"@id":"https:\/\/dekoracyjnacegla.pl\/de\/produkt\/profil-fuer-balkon-und-terrasse-p-20-profil-fuer-balkon-und-terrasse\/#breadcrumb"},"inLanguage":"de","potentialAction":[{"@type":"ReadAction","target":["https:\/\/dekoracyjnacegla.pl\/de\/produkt\/profil-fuer-balkon-und-terrasse-p-20-profil-fuer-balkon-und-terrasse\/"]}]},{"@type":"ImageObject","inLanguage":"de","@id":"https:\/\/dekoracyjnacegla.pl\/de\/produkt\/profil-fuer-balkon-und-terrasse-p-20-profil-fuer-balkon-und-terrasse\/#primaryimage","url":"https:\/\/dekoracyjnacegla.pl\/wp-content\/uploads\/2025\/06\/QUICK-MIX_P20.webp","contentUrl":"https:\/\/dekoracyjnacegla.pl\/wp-content\/uploads\/2025\/06\/QUICK-MIX_P20.webp","width":393,"height":253},{"@type":"BreadcrumbList","@id":"https:\/\/dekoracyjnacegla.pl\/de\/produkt\/profil-fuer-balkon-und-terrasse-p-20-profil-fuer-balkon-und-terrasse\/#breadcrumb","itemListElement":[{"@type":"ListItem","position":1,"name":"Strona g\u0142\u00f3wna","item":"https:\/\/dekoracyjnacegla.pl\/de\/start\/"},{"@type":"ListItem","position":2,"name":"Sklep","item":"https:\/\/dekoracyjnacegla.pl\/sklep\/"},{"@type":"ListItem","position":3,"name":"Profil f\u00fcr Balkon und Terrasse P 20 Profil f\u00fcr Balkon und Terrasse"}]},{"@type":"WebSite","@id":"https:\/\/dekoracyjnacegla.pl\/de\/#website","url":"https:\/\/dekoracyjnacegla.pl\/de\/","name":"Dekoracyjna Ceg\u0142a","description":"P\u0142ytki z ceg\u0142y | Retro Ceg\u0142a","publisher":{"@id":"https:\/\/dekoracyjnacegla.pl\/de\/#organization"},"potentialAction":[{"@type":"SearchAction","target":{"@type":"EntryPoint","urlTemplate":"https:\/\/dekoracyjnacegla.pl\/de\/?s={search_term_string}"},"query-input":{"@type":"PropertyValueSpecification","valueRequired":true,"valueName":"search_term_string"}}],"inLanguage":"de"},{"@type":"Organization","@id":"https:\/\/dekoracyjnacegla.pl\/de\/#organization","name":"Dekoracyjna Ceg\u0142a","url":"https:\/\/dekoracyjnacegla.pl\/de\/","logo":{"@type":"ImageObject","inLanguage":"de","@id":"https:\/\/dekoracyjnacegla.pl\/de\/#\/schema\/logo\/image\/","url":"https:\/\/dekoracyjnacegla.pl\/wp-content\/uploads\/2023\/10\/logo.png","contentUrl":"https:\/\/dekoracyjnacegla.pl\/wp-content\/uploads\/2023\/10\/logo.png","width":1199,"height":193,"caption":"Dekoracyjna Ceg\u0142a"},"image":{"@id":"https:\/\/dekoracyjnacegla.pl\/de\/#\/schema\/logo\/image\/"}}]}},"_links":{"self":[{"href":"https:\/\/dekoracyjnacegla.pl\/de\/wp-json\/wp\/v2\/product\/23191","targetHints":{"allow":["GET"]}}],"collection":[{"href":"https:\/\/dekoracyjnacegla.pl\/de\/wp-json\/wp\/v2\/product"}],"about":[{"href":"https:\/\/dekoracyjnacegla.pl\/de\/wp-json\/wp\/v2\/types\/product"}],"wp:featuredmedia":[{"embeddable":true,"href":"https:\/\/dekoracyjnacegla.pl\/de\/wp-json\/wp\/v2\/media\/23192"}],"wp:attachment":[{"href":"https:\/\/dekoracyjnacegla.pl\/de\/wp-json\/wp\/v2\/media?parent=23191"}],"wp:term":[{"taxonomy":"product_brand","embeddable":true,"href":"https:\/\/dekoracyjnacegla.pl\/de\/wp-json\/wp\/v2\/product_brand?post=23191"},{"taxonomy":"product_cat","embeddable":true,"href":"https:\/\/dekoracyjnacegla.pl\/de\/wp-json\/wp\/v2\/product_cat?post=23191"},{"taxonomy":"product_tag","embeddable":true,"href":"https:\/\/dekoracyjnacegla.pl\/de\/wp-json\/wp\/v2\/product_tag?post=23191"}],"curies":[{"name":"wp","href":"https:\/\/api.w.org\/{rel}","templated":true}]}}

Profil für Balkon und Terrasse P 20 Profil für Balkon und Terrasse

<ul>
<li>hohe Korrosionsbeständigkeit</li>
<li>Hohe Witterungsbeständigkeit</li>
<li>schnelle und einfache Installation</li>
<li>Sammelverpackung 2 Stk. x 2 mb </li>
<li>Farbe 7037 grau</li>
<li>Profil Balkon und Terrasse</li>
</ul>

<!-- This site is optimized with the Yoast SEO plugin v27.4 - https://yoast.com/product/yoast-seo-wordpress/ -->
<title>Profil für Balkon und Terrasse P 20 Profil für Balkon und Terrasse - Dekoracyjna Cegła</title>
<meta name="robots" content="index, follow, max-snippet:-1, max-image-preview:large, max-video-preview:-1" />
<link rel="canonical" href="https://dekoracyjnacegla.pl/de/produkt/profil-fuer-balkon-und-terrasse-p-20-profil-fuer-balkon-und-terrasse/" />
<meta property="og:locale" content="de_DE" />
<meta property="og:type" content="article" />
<meta property="og:title" content="Profil für Balkon und Terrasse P 20 Profil für Balkon und Terrasse - Dekoracyjna Cegła" />
<meta property="og:description" content="Profil Balkon und Terrasse" />
<meta property="og:url" content="https://dekoracyjnacegla.pl/de/produkt/profil-fuer-balkon-und-terrasse-p-20-profil-fuer-balkon-und-terrasse/" />
<meta property="og:site_name" content="Dekoracyjna Cegła" />
<meta property="og:image" content="https://dekoracyjnacegla.pl/wp-content/uploads/2025/06/QUICK-MIX_P20.webp" />
	<meta property="og:image:width" content="393" />
	<meta property="og:image:height" content="253" />
	<meta property="og:image:type" content="image/webp" />
<meta name="twitter:card" content="summary_large_image" />
<script type="application/ld+json" class="yoast-schema-graph">{"@context":"https:\/\/schema.org","@graph":[{"@type":"WebPage","@id":"https:\/\/dekoracyjnacegla.pl\/de\/produkt\/profil-fuer-balkon-und-terrasse-p-20-profil-fuer-balkon-und-terrasse\/","url":"https:\/\/dekoracyjnacegla.pl\/de\/produkt\/profil-fuer-balkon-und-terrasse-p-20-profil-fuer-balkon-und-terrasse\/","name":"Profil für Balkon und Terrasse P 20 Profil für Balkon und Terrasse - Dekoracyjna Cegła","isPartOf":{"@id":"https:\/\/dekoracyjnacegla.pl\/de\/#website"},"primaryImageOfPage":{"@id":"https:\/\/dekoracyjnacegla.pl\/de\/produkt\/profil-fuer-balkon-und-terrasse-p-20-profil-fuer-balkon-und-terrasse\/#primaryimage"},"image":{"@id":"https:\/\/dekoracyjnacegla.pl\/de\/produkt\/profil-fuer-balkon-und-terrasse-p-20-profil-fuer-balkon-und-terrasse\/#primaryimage"},"thumbnailUrl":"https:\/\/dekoracyjnacegla.pl\/wp-content\/uploads\/2025\/06\/QUICK-MIX_P20.webp","datePublished":"2025-06-06T00:00:31+00:00","breadcrumb":{"@id":"https:\/\/dekoracyjnacegla.pl\/de\/produkt\/profil-fuer-balkon-und-terrasse-p-20-profil-fuer-balkon-und-terrasse\/#breadcrumb"},"inLanguage":"de","potentialAction":[{"@type":"ReadAction","target":["https:\/\/dekoracyjnacegla.pl\/de\/produkt\/profil-fuer-balkon-und-terrasse-p-20-profil-fuer-balkon-und-terrasse\/"]}]},{"@type":"ImageObject","inLanguage":"de","@id":"https:\/\/dekoracyjnacegla.pl\/de\/produkt\/profil-fuer-balkon-und-terrasse-p-20-profil-fuer-balkon-und-terrasse\/#primaryimage","url":"https:\/\/dekoracyjnacegla.pl\/wp-content\/uploads\/2025\/06\/QUICK-MIX_P20.webp","contentUrl":"https:\/\/dekoracyjnacegla.pl\/wp-content\/uploads\/2025\/06\/QUICK-MIX_P20.webp","width":393,"height":253},{"@type":"BreadcrumbList","@id":"https:\/\/dekoracyjnacegla.pl\/de\/produkt\/profil-fuer-balkon-und-terrasse-p-20-profil-fuer-balkon-und-terrasse\/#breadcrumb","itemListElement":[{"@type":"ListItem","position":1,"name":"Strona główna","item":"https:\/\/dekoracyjnacegla.pl\/de\/start\/"},{"@type":"ListItem","position":2,"name":"Sklep","item":"https:\/\/dekoracyjnacegla.pl\/sklep\/"},{"@type":"ListItem","position":3,"name":"Profil für Balkon und Terrasse P 20 Profil für Balkon und Terrasse"}]},{"@type":"WebSite","@id":"https:\/\/dekoracyjnacegla.pl\/de\/#website","url":"https:\/\/dekoracyjnacegla.pl\/de\/","name":"Dekoracyjna Cegła","description":"Płytki z cegły | Retro Cegła","publisher":{"@id":"https:\/\/dekoracyjnacegla.pl\/de\/#organization"},"potentialAction":[{"@type":"SearchAction","target":{"@type":"EntryPoint","urlTemplate":"https:\/\/dekoracyjnacegla.pl\/de\/?s={search_term_string}"},"query-input":{"@type":"PropertyValueSpecification","valueRequired":true,"valueName":"search_term_string"}}],"inLanguage":"de"},{"@type":"Organization","@id":"https:\/\/dekoracyjnacegla.pl\/de\/#organization","name":"Dekoracyjna Cegła","url":"https:\/\/dekoracyjnacegla.pl\/de\/","logo":{"@type":"ImageObject","inLanguage":"de","@id":"https:\/\/dekoracyjnacegla.pl\/de\/#\/schema\/logo\/image\/","url":"https:\/\/dekoracyjnacegla.pl\/wp-content\/uploads\/2023\/10\/logo.png","contentUrl":"https:\/\/dekoracyjnacegla.pl\/wp-content\/uploads\/2023\/10\/logo.png","width":1199,"height":193,"caption":"Dekoracyjna Cegła"},"image":{"@id":"https:\/\/dekoracyjnacegla.pl\/de\/#\/schema\/logo\/image\/"}}]}</script>
<!-- / Yoast SEO plugin. -->

Profil für Balkon und Terrasse P 20 Profil für Balkon und Terrasse - Dekoracyjna Cegła

Dekoracyjna Cegła

Strona główna

Płytki z cegły | Retro Cegła
