{"id":23211,"date":"2025-06-01T22:45:14","date_gmt":"2025-06-01T22:45:14","guid":{"rendered":"https:\/\/dekoracyjnacegla.pl\/produkt\/s-fm-zementfreier-fugenmoertel-fuer-klinker-leicht-sandig\/"},"modified":"2025-06-01T22:45:14","modified_gmt":"2025-06-01T22:45:14","slug":"s-fm-zementfreier-fugenmoertel-fuer-klinker-leicht-sandig","status":"publish","type":"product","link":"https:\/\/dekoracyjnacegla.pl\/de\/produkt\/s-fm-zementfreier-fugenmoertel-fuer-klinker-leicht-sandig\/","title":{"rendered":"S-FM Zementfreier Fugenm\u00f6rtel f\u00fcr Klinker leicht sandig"},"content":{"rendered":"<p>S-FM Zementfreier Fugenm\u00f6rtel f\u00fcr Klinker leicht sandig<\/p>\n<ul>\n<li>zum Verfugen von Klinkersteinen<\/li>\n<li>Zementfreie Bindung<\/li>\n<li>einfache und schnelle Anwendung<\/li>\n<li>erh\u00f6hte Widerstandsf\u00e4higkeit gegen Sulfatkorrosion<\/li>\n<li>Verbrauch: ca. 5,5 kg\/m\u00b2, je nach Gr\u00f6\u00dfe der Fugen, Fugenbreite und -tiefe <\/li>\n<\/ul>\n<p>Gewicht: 25 kg<\/p>\n<p>Menge pro Palette: 42 St\u00fcck<\/p>\n","protected":false},"excerpt":{"rendered":"<p>S-FM Zementfreier Klinkerfugenm\u00f6rtel f\u00fcr die Verfugung von Klinkersteinen<\/p>\n","protected":false},"featured_media":22560,"template":"","meta":[],"product_brand":[],"product_cat":[284,275],"product_tag":[],"class_list":{"0":"post-23211","1":"product","2":"type-product","3":"status-publish","4":"has-post-thumbnail","6":"product_cat-chemie-der-restaurierung","7":"product_cat-zubehor","9":"first","10":"instock","11":"shipping-taxable","12":"purchasable","13":"product-type-simple"},"yoast_head":"<!-- This site is optimized with the Yoast SEO plugin v27.4 - https:\/\/yoast.com\/product\/yoast-seo-wordpress\/ -->\n<title>S-FM Zementfreier Fugenm\u00f6rtel f\u00fcr Klinker leicht sandig - Dekoracyjna Ceg\u0142a<\/title>\n<meta name=\"robots\" content=\"index, follow, max-snippet:-1, max-image-preview:large, max-video-preview:-1\" \/>\n<link rel=\"canonical\" href=\"https:\/\/dekoracyjnacegla.pl\/de\/produkt\/s-fm-zementfreier-fugenmoertel-fuer-klinker-leicht-sandig\/\" \/>\n<meta property=\"og:locale\" content=\"de_DE\" \/>\n<meta property=\"og:type\" content=\"article\" \/>\n<meta property=\"og:title\" content=\"S-FM Zementfreier Fugenm\u00f6rtel f\u00fcr Klinker leicht sandig - Dekoracyjna Ceg\u0142a\" \/>\n<meta property=\"og:description\" content=\"S-FM Zementfreier Klinkerfugenm\u00f6rtel f\u00fcr die Verfugung von Klinkersteinen\" \/>\n<meta property=\"og:url\" content=\"https:\/\/dekoracyjnacegla.pl\/de\/produkt\/s-fm-zementfreier-fugenmoertel-fuer-klinker-leicht-sandig\/\" \/>\n<meta property=\"og:site_name\" content=\"Dekoracyjna Ceg\u0142a\" \/>\n<meta property=\"og:image\" content=\"https:\/\/dekoracyjnacegla.pl\/wp-content\/uploads\/2025\/06\/QUICK-MIX_S-FM.png\" \/>\n\t<meta property=\"og:image:width\" content=\"439\" \/>\n\t<meta property=\"og:image:height\" content=\"568\" \/>\n\t<meta property=\"og:image:type\" content=\"image\/png\" \/>\n<meta name=\"twitter:card\" content=\"summary_large_image\" \/>\n<script type=\"application\/ld+json\" class=\"yoast-schema-graph\">{\"@context\":\"https:\\\/\\\/schema.org\",\"@graph\":[{\"@type\":\"WebPage\",\"@id\":\"https:\\\/\\\/dekoracyjnacegla.pl\\\/de\\\/produkt\\\/s-fm-zementfreier-fugenmoertel-fuer-klinker-leicht-sandig\\\/\",\"url\":\"https:\\\/\\\/dekoracyjnacegla.pl\\\/de\\\/produkt\\\/s-fm-zementfreier-fugenmoertel-fuer-klinker-leicht-sandig\\\/\",\"name\":\"S-FM Zementfreier Fugenm\u00f6rtel f\u00fcr Klinker leicht sandig - Dekoracyjna Ceg\u0142a\",\"isPartOf\":{\"@id\":\"https:\\\/\\\/dekoracyjnacegla.pl\\\/de\\\/#website\"},\"primaryImageOfPage\":{\"@id\":\"https:\\\/\\\/dekoracyjnacegla.pl\\\/de\\\/produkt\\\/s-fm-zementfreier-fugenmoertel-fuer-klinker-leicht-sandig\\\/#primaryimage\"},\"image\":{\"@id\":\"https:\\\/\\\/dekoracyjnacegla.pl\\\/de\\\/produkt\\\/s-fm-zementfreier-fugenmoertel-fuer-klinker-leicht-sandig\\\/#primaryimage\"},\"thumbnailUrl\":\"https:\\\/\\\/dekoracyjnacegla.pl\\\/wp-content\\\/uploads\\\/2025\\\/06\\\/QUICK-MIX_S-FM.png\",\"datePublished\":\"2025-06-01T22:45:14+00:00\",\"breadcrumb\":{\"@id\":\"https:\\\/\\\/dekoracyjnacegla.pl\\\/de\\\/produkt\\\/s-fm-zementfreier-fugenmoertel-fuer-klinker-leicht-sandig\\\/#breadcrumb\"},\"inLanguage\":\"de\",\"potentialAction\":[{\"@type\":\"ReadAction\",\"target\":[\"https:\\\/\\\/dekoracyjnacegla.pl\\\/de\\\/produkt\\\/s-fm-zementfreier-fugenmoertel-fuer-klinker-leicht-sandig\\\/\"]}]},{\"@type\":\"ImageObject\",\"inLanguage\":\"de\",\"@id\":\"https:\\\/\\\/dekoracyjnacegla.pl\\\/de\\\/produkt\\\/s-fm-zementfreier-fugenmoertel-fuer-klinker-leicht-sandig\\\/#primaryimage\",\"url\":\"https:\\\/\\\/dekoracyjnacegla.pl\\\/wp-content\\\/uploads\\\/2025\\\/06\\\/QUICK-MIX_S-FM.png\",\"contentUrl\":\"https:\\\/\\\/dekoracyjnacegla.pl\\\/wp-content\\\/uploads\\\/2025\\\/06\\\/QUICK-MIX_S-FM.png\",\"width\":439,\"height\":568},{\"@type\":\"BreadcrumbList\",\"@id\":\"https:\\\/\\\/dekoracyjnacegla.pl\\\/de\\\/produkt\\\/s-fm-zementfreier-fugenmoertel-fuer-klinker-leicht-sandig\\\/#breadcrumb\",\"itemListElement\":[{\"@type\":\"ListItem\",\"position\":1,\"name\":\"Strona g\u0142\u00f3wna\",\"item\":\"https:\\\/\\\/dekoracyjnacegla.pl\\\/de\\\/start\\\/\"},{\"@type\":\"ListItem\",\"position\":2,\"name\":\"Sklep\",\"item\":\"https:\\\/\\\/dekoracyjnacegla.pl\\\/sklep\\\/\"},{\"@type\":\"ListItem\",\"position\":3,\"name\":\"S-FM Zementfreier Fugenm\u00f6rtel f\u00fcr Klinker leicht sandig\"}]},{\"@type\":\"WebSite\",\"@id\":\"https:\\\/\\\/dekoracyjnacegla.pl\\\/de\\\/#website\",\"url\":\"https:\\\/\\\/dekoracyjnacegla.pl\\\/de\\\/\",\"name\":\"Dekoracyjna Ceg\u0142a\",\"description\":\"P\u0142ytki z ceg\u0142y | Retro Ceg\u0142a\",\"publisher\":{\"@id\":\"https:\\\/\\\/dekoracyjnacegla.pl\\\/de\\\/#organization\"},\"potentialAction\":[{\"@type\":\"SearchAction\",\"target\":{\"@type\":\"EntryPoint\",\"urlTemplate\":\"https:\\\/\\\/dekoracyjnacegla.pl\\\/de\\\/?s={search_term_string}\"},\"query-input\":{\"@type\":\"PropertyValueSpecification\",\"valueRequired\":true,\"valueName\":\"search_term_string\"}}],\"inLanguage\":\"de\"},{\"@type\":\"Organization\",\"@id\":\"https:\\\/\\\/dekoracyjnacegla.pl\\\/de\\\/#organization\",\"name\":\"Dekoracyjna Ceg\u0142a\",\"url\":\"https:\\\/\\\/dekoracyjnacegla.pl\\\/de\\\/\",\"logo\":{\"@type\":\"ImageObject\",\"inLanguage\":\"de\",\"@id\":\"https:\\\/\\\/dekoracyjnacegla.pl\\\/de\\\/#\\\/schema\\\/logo\\\/image\\\/\",\"url\":\"https:\\\/\\\/dekoracyjnacegla.pl\\\/wp-content\\\/uploads\\\/2023\\\/10\\\/logo.png\",\"contentUrl\":\"https:\\\/\\\/dekoracyjnacegla.pl\\\/wp-content\\\/uploads\\\/2023\\\/10\\\/logo.png\",\"width\":1199,\"height\":193,\"caption\":\"Dekoracyjna Ceg\u0142a\"},\"image\":{\"@id\":\"https:\\\/\\\/dekoracyjnacegla.pl\\\/de\\\/#\\\/schema\\\/logo\\\/image\\\/\"}}]}<\/script>\n<!-- \/ Yoast SEO plugin. -->","yoast_head_json":{"title":"S-FM Zementfreier Fugenm\u00f6rtel f\u00fcr Klinker leicht sandig - Dekoracyjna Ceg\u0142a","robots":{"index":"index","follow":"follow","max-snippet":"max-snippet:-1","max-image-preview":"max-image-preview:large","max-video-preview":"max-video-preview:-1"},"canonical":"https:\/\/dekoracyjnacegla.pl\/de\/produkt\/s-fm-zementfreier-fugenmoertel-fuer-klinker-leicht-sandig\/","og_locale":"de_DE","og_type":"article","og_title":"S-FM Zementfreier Fugenm\u00f6rtel f\u00fcr Klinker leicht sandig - Dekoracyjna Ceg\u0142a","og_description":"S-FM Zementfreier Klinkerfugenm\u00f6rtel f\u00fcr die Verfugung von Klinkersteinen","og_url":"https:\/\/dekoracyjnacegla.pl\/de\/produkt\/s-fm-zementfreier-fugenmoertel-fuer-klinker-leicht-sandig\/","og_site_name":"Dekoracyjna Ceg\u0142a","og_image":[{"width":439,"height":568,"url":"https:\/\/dekoracyjnacegla.pl\/wp-content\/uploads\/2025\/06\/QUICK-MIX_S-FM.png","type":"image\/png"}],"twitter_card":"summary_large_image","schema":{"@context":"https:\/\/schema.org","@graph":[{"@type":"WebPage","@id":"https:\/\/dekoracyjnacegla.pl\/de\/produkt\/s-fm-zementfreier-fugenmoertel-fuer-klinker-leicht-sandig\/","url":"https:\/\/dekoracyjnacegla.pl\/de\/produkt\/s-fm-zementfreier-fugenmoertel-fuer-klinker-leicht-sandig\/","name":"S-FM Zementfreier Fugenm\u00f6rtel f\u00fcr Klinker leicht sandig - Dekoracyjna Ceg\u0142a","isPartOf":{"@id":"https:\/\/dekoracyjnacegla.pl\/de\/#website"},"primaryImageOfPage":{"@id":"https:\/\/dekoracyjnacegla.pl\/de\/produkt\/s-fm-zementfreier-fugenmoertel-fuer-klinker-leicht-sandig\/#primaryimage"},"image":{"@id":"https:\/\/dekoracyjnacegla.pl\/de\/produkt\/s-fm-zementfreier-fugenmoertel-fuer-klinker-leicht-sandig\/#primaryimage"},"thumbnailUrl":"https:\/\/dekoracyjnacegla.pl\/wp-content\/uploads\/2025\/06\/QUICK-MIX_S-FM.png","datePublished":"2025-06-01T22:45:14+00:00","breadcrumb":{"@id":"https:\/\/dekoracyjnacegla.pl\/de\/produkt\/s-fm-zementfreier-fugenmoertel-fuer-klinker-leicht-sandig\/#breadcrumb"},"inLanguage":"de","potentialAction":[{"@type":"ReadAction","target":["https:\/\/dekoracyjnacegla.pl\/de\/produkt\/s-fm-zementfreier-fugenmoertel-fuer-klinker-leicht-sandig\/"]}]},{"@type":"ImageObject","inLanguage":"de","@id":"https:\/\/dekoracyjnacegla.pl\/de\/produkt\/s-fm-zementfreier-fugenmoertel-fuer-klinker-leicht-sandig\/#primaryimage","url":"https:\/\/dekoracyjnacegla.pl\/wp-content\/uploads\/2025\/06\/QUICK-MIX_S-FM.png","contentUrl":"https:\/\/dekoracyjnacegla.pl\/wp-content\/uploads\/2025\/06\/QUICK-MIX_S-FM.png","width":439,"height":568},{"@type":"BreadcrumbList","@id":"https:\/\/dekoracyjnacegla.pl\/de\/produkt\/s-fm-zementfreier-fugenmoertel-fuer-klinker-leicht-sandig\/#breadcrumb","itemListElement":[{"@type":"ListItem","position":1,"name":"Strona g\u0142\u00f3wna","item":"https:\/\/dekoracyjnacegla.pl\/de\/start\/"},{"@type":"ListItem","position":2,"name":"Sklep","item":"https:\/\/dekoracyjnacegla.pl\/sklep\/"},{"@type":"ListItem","position":3,"name":"S-FM Zementfreier Fugenm\u00f6rtel f\u00fcr Klinker leicht sandig"}]},{"@type":"WebSite","@id":"https:\/\/dekoracyjnacegla.pl\/de\/#website","url":"https:\/\/dekoracyjnacegla.pl\/de\/","name":"Dekoracyjna Ceg\u0142a","description":"P\u0142ytki z ceg\u0142y | Retro Ceg\u0142a","publisher":{"@id":"https:\/\/dekoracyjnacegla.pl\/de\/#organization"},"potentialAction":[{"@type":"SearchAction","target":{"@type":"EntryPoint","urlTemplate":"https:\/\/dekoracyjnacegla.pl\/de\/?s={search_term_string}"},"query-input":{"@type":"PropertyValueSpecification","valueRequired":true,"valueName":"search_term_string"}}],"inLanguage":"de"},{"@type":"Organization","@id":"https:\/\/dekoracyjnacegla.pl\/de\/#organization","name":"Dekoracyjna Ceg\u0142a","url":"https:\/\/dekoracyjnacegla.pl\/de\/","logo":{"@type":"ImageObject","inLanguage":"de","@id":"https:\/\/dekoracyjnacegla.pl\/de\/#\/schema\/logo\/image\/","url":"https:\/\/dekoracyjnacegla.pl\/wp-content\/uploads\/2023\/10\/logo.png","contentUrl":"https:\/\/dekoracyjnacegla.pl\/wp-content\/uploads\/2023\/10\/logo.png","width":1199,"height":193,"caption":"Dekoracyjna Ceg\u0142a"},"image":{"@id":"https:\/\/dekoracyjnacegla.pl\/de\/#\/schema\/logo\/image\/"}}]}},"_links":{"self":[{"href":"https:\/\/dekoracyjnacegla.pl\/de\/wp-json\/wp\/v2\/product\/23211","targetHints":{"allow":["GET"]}}],"collection":[{"href":"https:\/\/dekoracyjnacegla.pl\/de\/wp-json\/wp\/v2\/product"}],"about":[{"href":"https:\/\/dekoracyjnacegla.pl\/de\/wp-json\/wp\/v2\/types\/product"}],"wp:featuredmedia":[{"embeddable":true,"href":"https:\/\/dekoracyjnacegla.pl\/de\/wp-json\/wp\/v2\/media\/22560"}],"wp:attachment":[{"href":"https:\/\/dekoracyjnacegla.pl\/de\/wp-json\/wp\/v2\/media?parent=23211"}],"wp:term":[{"taxonomy":"product_brand","embeddable":true,"href":"https:\/\/dekoracyjnacegla.pl\/de\/wp-json\/wp\/v2\/product_brand?post=23211"},{"taxonomy":"product_cat","embeddable":true,"href":"https:\/\/dekoracyjnacegla.pl\/de\/wp-json\/wp\/v2\/product_cat?post=23211"},{"taxonomy":"product_tag","embeddable":true,"href":"https:\/\/dekoracyjnacegla.pl\/de\/wp-json\/wp\/v2\/product_tag?post=23211"}],"curies":[{"name":"wp","href":"https:\/\/api.w.org\/{rel}","templated":true}]}}

S-FM Zementfreier Fugenmörtel für Klinker leicht sandig

<p>S-FM Zementfreier Fugenmörtel für Klinker leicht sandig</p>
<ul>
<li>zum Verfugen von Klinkersteinen</li>
<li>Zementfreie Bindung</li>
<li>einfache und schnelle Anwendung</li>
<li>erhöhte Widerstandsfähigkeit gegen Sulfatkorrosion</li>
<li>Verbrauch: ca. 5,5 kg/m², je nach Größe der Fugen, Fugenbreite und -tiefe </li>
</ul>
<p>Gewicht: 25 kg</p>
<p>Menge pro Palette: 42 Stück</p>

<p>S-FM Zementfreier Klinkerfugenmörtel für die Verfugung von Klinkersteinen</p>

<!-- This site is optimized with the Yoast SEO plugin v27.4 - https://yoast.com/product/yoast-seo-wordpress/ -->
<title>S-FM Zementfreier Fugenmörtel für Klinker leicht sandig - Dekoracyjna Cegła</title>
<meta name="robots" content="index, follow, max-snippet:-1, max-image-preview:large, max-video-preview:-1" />
<link rel="canonical" href="https://dekoracyjnacegla.pl/de/produkt/s-fm-zementfreier-fugenmoertel-fuer-klinker-leicht-sandig/" />
<meta property="og:locale" content="de_DE" />
<meta property="og:type" content="article" />
<meta property="og:title" content="S-FM Zementfreier Fugenmörtel für Klinker leicht sandig - Dekoracyjna Cegła" />
<meta property="og:description" content="S-FM Zementfreier Klinkerfugenmörtel für die Verfugung von Klinkersteinen" />
<meta property="og:url" content="https://dekoracyjnacegla.pl/de/produkt/s-fm-zementfreier-fugenmoertel-fuer-klinker-leicht-sandig/" />
<meta property="og:site_name" content="Dekoracyjna Cegła" />
<meta property="og:image" content="https://dekoracyjnacegla.pl/wp-content/uploads/2025/06/QUICK-MIX_S-FM.png" />
	<meta property="og:image:width" content="439" />
	<meta property="og:image:height" content="568" />
	<meta property="og:image:type" content="image/png" />
<meta name="twitter:card" content="summary_large_image" />
<script type="application/ld+json" class="yoast-schema-graph">{"@context":"https:\/\/schema.org","@graph":[{"@type":"WebPage","@id":"https:\/\/dekoracyjnacegla.pl\/de\/produkt\/s-fm-zementfreier-fugenmoertel-fuer-klinker-leicht-sandig\/","url":"https:\/\/dekoracyjnacegla.pl\/de\/produkt\/s-fm-zementfreier-fugenmoertel-fuer-klinker-leicht-sandig\/","name":"S-FM Zementfreier Fugenmörtel für Klinker leicht sandig - Dekoracyjna Cegła","isPartOf":{"@id":"https:\/\/dekoracyjnacegla.pl\/de\/#website"},"primaryImageOfPage":{"@id":"https:\/\/dekoracyjnacegla.pl\/de\/produkt\/s-fm-zementfreier-fugenmoertel-fuer-klinker-leicht-sandig\/#primaryimage"},"image":{"@id":"https:\/\/dekoracyjnacegla.pl\/de\/produkt\/s-fm-zementfreier-fugenmoertel-fuer-klinker-leicht-sandig\/#primaryimage"},"thumbnailUrl":"https:\/\/dekoracyjnacegla.pl\/wp-content\/uploads\/2025\/06\/QUICK-MIX_S-FM.png","datePublished":"2025-06-01T22:45:14+00:00","breadcrumb":{"@id":"https:\/\/dekoracyjnacegla.pl\/de\/produkt\/s-fm-zementfreier-fugenmoertel-fuer-klinker-leicht-sandig\/#breadcrumb"},"inLanguage":"de","potentialAction":[{"@type":"ReadAction","target":["https:\/\/dekoracyjnacegla.pl\/de\/produkt\/s-fm-zementfreier-fugenmoertel-fuer-klinker-leicht-sandig\/"]}]},{"@type":"ImageObject","inLanguage":"de","@id":"https:\/\/dekoracyjnacegla.pl\/de\/produkt\/s-fm-zementfreier-fugenmoertel-fuer-klinker-leicht-sandig\/#primaryimage","url":"https:\/\/dekoracyjnacegla.pl\/wp-content\/uploads\/2025\/06\/QUICK-MIX_S-FM.png","contentUrl":"https:\/\/dekoracyjnacegla.pl\/wp-content\/uploads\/2025\/06\/QUICK-MIX_S-FM.png","width":439,"height":568},{"@type":"BreadcrumbList","@id":"https:\/\/dekoracyjnacegla.pl\/de\/produkt\/s-fm-zementfreier-fugenmoertel-fuer-klinker-leicht-sandig\/#breadcrumb","itemListElement":[{"@type":"ListItem","position":1,"name":"Strona główna","item":"https:\/\/dekoracyjnacegla.pl\/de\/start\/"},{"@type":"ListItem","position":2,"name":"Sklep","item":"https:\/\/dekoracyjnacegla.pl\/sklep\/"},{"@type":"ListItem","position":3,"name":"S-FM Zementfreier Fugenmörtel für Klinker leicht sandig"}]},{"@type":"WebSite","@id":"https:\/\/dekoracyjnacegla.pl\/de\/#website","url":"https:\/\/dekoracyjnacegla.pl\/de\/","name":"Dekoracyjna Cegła","description":"Płytki z cegły | Retro Cegła","publisher":{"@id":"https:\/\/dekoracyjnacegla.pl\/de\/#organization"},"potentialAction":[{"@type":"SearchAction","target":{"@type":"EntryPoint","urlTemplate":"https:\/\/dekoracyjnacegla.pl\/de\/?s={search_term_string}"},"query-input":{"@type":"PropertyValueSpecification","valueRequired":true,"valueName":"search_term_string"}}],"inLanguage":"de"},{"@type":"Organization","@id":"https:\/\/dekoracyjnacegla.pl\/de\/#organization","name":"Dekoracyjna Cegła","url":"https:\/\/dekoracyjnacegla.pl\/de\/","logo":{"@type":"ImageObject","inLanguage":"de","@id":"https:\/\/dekoracyjnacegla.pl\/de\/#\/schema\/logo\/image\/","url":"https:\/\/dekoracyjnacegla.pl\/wp-content\/uploads\/2023\/10\/logo.png","contentUrl":"https:\/\/dekoracyjnacegla.pl\/wp-content\/uploads\/2023\/10\/logo.png","width":1199,"height":193,"caption":"Dekoracyjna Cegła"},"image":{"@id":"https:\/\/dekoracyjnacegla.pl\/de\/#\/schema\/logo\/image\/"}}]}</script>
<!-- / Yoast SEO plugin. -->

S-FM Zementfreier Fugenmörtel für Klinker leicht sandig - Dekoracyjna Cegła

S-FM Zementfreier Klinkerfugenmörtel für die Verfugung von Klinkersteinen

Dekoracyjna Cegła

Strona główna

Płytki z cegły | Retro Cegła
